.
2, 3, 5, 13
What are the prime factors of 70472?
2, 23, 383
List the prime factors of 5481.
3, 7, 29
What are the prime factors of 29512?
2, 7, 17, 31
What are the prime factors of 19946?
2, 9973
List the prime factors of 2469.
3, 823
List the prime factors of 117.
3, 13
What are the prime factors of 16122?
2, 3, 2687
What are the prime factors of 982?
2, 491
What are the prime factors of 46834?
2, 23417
What are the prime factors of 17626?
2, 7, 1259
List the prime factors of 1089.
3, 11
What are the prime factors of 264?
2, 3, 11
List the prime factors of 80758.
2, 149, 271
List the prime factors of 14558.
2, 29, 251
List the prime factors of 26440.
2, 5, 661
What are the prime factors of 14321?
14321
What are the prime factors of 6963?
3, 11, 211
What are the prime factors of 12?
2, 3
What are the prime factors of 654?
2, 3, 109
List the prime factors of 5294.
2, 2647
List the prime factors of 17174.
2, 31, 277
List the prime factors of 370.
2, 5, 37
What are the prime factors of 17144?
2, 2143
List the prime factors of 13637.
13, 1049
What are the prime factors of 17885?
5, 7, 73
List the prime factors of 945.
3, 5, 7
What are the prime factors of 193?
193
List the prime factors of 4856.
2, 607
What are the prime factors of 501?
3, 167
What are the prime factors of 1375?
5, 11
What are the prime factors of 2084?
2, 521
List the prime factors of 5907.
3, 11, 179
What are the prime factors of 20227?
113, 179
What are the prime factors of 2323?
23, 101
What are the prime factors of 126?
2, 3, 7
List the prime factors of 9155.
5, 1831
List the prime factors of 40803.
3, 7, 29, 67
List the prime factors of 31382.
2, 13, 17, 71
What are the prime factors of 1524?
2, 3, 127
What are the prime factors of 8969?
8969
List the prime factors of 263.
263
What are the prime factors of 14263?
17, 839
What are the prime factors of 1644?
2, 3, 137
List the prime factors of 34314.
2, 3, 7, 19, 43
What are the prime factors of 323?
17, 19
List the prime factors of 124707.
3, 11, 3779
List the prime factors of 4597.
4597
What are the prime factors of 40899?
3, 13633
List the prime factors of 20398.
2, 7, 31, 47
List the prime factors of 1602.
2, 3, 89
What are the prime factors of 1376?
2, 43
List the prime factors of 926.
2, 463
List the prime factors of 33390.
2, 3, 5, 7, 53
What are the prime factors of 1479?
3, 17, 29
What are the prime factors of 16487?
16487
What are the prime factors of 6244?
2, 7, 223
What are the prime factors of 50968?
2, 23, 277
List the prime factors of 1055.
5, 211
List the prime factors of 2317.
7, 331
List the prime factors of 5648.
2, 353
What are the prime factors of 47091?
3, 11, 1427
List the prime factors of 15147.
3, 11, 17
List the prime factors of 1955.
5, 17, 23
List the prime factors of 4981.
17, 293
What are the prime factors of 3689?
7, 17, 31
What are the prime factors of 1976?
2, 13, 19
What are the prime factors of 2545?
5, 509
List the prime factors of 5148.
2, 3, 11, 13
What are the prime factors of 14004?
2, 3, 389
List the prime factors of 1603.
7, 229
What are the prime factors of 5964?
2, 3, 7, 71
List the prime factors of 6845.
5, 37
What are the prime factors of 27975?
3, 5, 373
List the prime factors of 41858.
2, 20929
What are the prime factors of 12682?
2, 17, 373
List the prime factors of 502.
2, 251
What are the prime factors of 18417?
3, 7, 877
List the prime factors of 474.
2, 3, 79
List the prime factors of 157.
157
What are the prime factors of 12058?
2, 6029
List the prime factors of 18109.
7, 13, 199
List the prime factors of 24152.
2, 3019
What are the prime factors of 6843?
3, 2281
List the prime factors of 374.
2, 11, 17
List the prime factors of 738.
2, 3, 41
List the prime factors of 16065.
3, 5, 7, 17
List the prime factors of 27407.
27407
What are the prime factors of 153?
3, 17
What are the prime factors of 9948?
2, 3, 829
What are the prime factors of 92949?
3, 30983
What are the prime factors of 1000?
2, 5
List the prime factors of 13020.
2, 3, 5, 7, 31
List the prime factors of 6229.
6229
List the prime factors of 25701.
3, 13, 659
List the prime factors of 6728.
2, 29
List the prime factors of 29201.
29201
List the prime factors of 1666.
2, 7, 17
List the prime factors of 640.
2, 5
What are the prime factors of 2068?
2, 11, 47
List the prime factors of 20396.
2, 5099
List the prime factors of 37727.
31, 1217
List the prime factors of 13790.
2, 5, 7, 197
What are the prime factors of 681?
3, 227
List the prime factors of 3366.
2, 3, 11, 17
List the prime factors of 4083.
3, 1361
What are the prime factors of 257?
257
List the prime factors of 2045.
5, 409
What are the prime factors of 216?
2, 3
What are the prime factors of 581?
7, 83
What are the prime factors of 36?
2, 3
List the prime factors of 10770.
2, 3, 5, 359
What are the prime factors of 186433?
13, 14341
List the prime factors of 3241.
7, 463
What are the prime factors of 22689?
3, 2521
List the prime factors of 1525.
5, 61
What are the prime factors of 4656?
2, 3, 97
What are the prime factors of 9778?
2, 4889
What are the prime factors of 21737?
21737
List the prime factors of 2529.
3, 281
What are the prime factors of 31?
31
What are the prime factors of 1405?
5, 281
List the prime factors of 23158.
2, 11579
List the prime factors of 67815.
3, 5, 11, 137
What are the prime factors of 51719?
51719
List the prime factors of 20713.
7, 11, 269
What are the prime factors of 16934?
2, 8467
List the prime factors of 11431.
7, 23, 71
What are the prime factors of 52838?
2, 29, 911
List the prime factors of 45644.
2, 11411
List the prime factors of 3034.
2, 37, 41
List the prime factors of 61860.
2, 3, 5, 1031
What are the prime factors of 7964?
2, 11, 181
List the prime factors of 5519.
5519
What are the prime factors of 49484?
2, 89, 139
What are the prime factors of 10475?
5, 419
What are the prime factors of 24813?
3, 919
What are the prime factors of 5631?
3, 1877
What are the prime factors of 2663?
2663
List the prime factors of 1395.
3, 5, 31
List the prime factors of 1236.
2, 3, 103
List the prime factors of 19192.
2, 2399
List the prime factors of 1341.
3, 149
List the prime factors of 23098.
2, 11549
List the prime factors of 15018.
2, 3, 2503
What are the prime factors of 631?
631
List the prime factors of 53694.
2, 3, 19, 157
What are the prime factors of 698?
2, 349
List the prime factors of 13305.
3, 5, 887
List the prime factors of 2319.
3, 773
What are the prime factors of 18040?
2, 5, 11, 41
What are the prime factors of 7691?
7691
What are the prime factors of 147875?
5, 7, 13
List the prime factors of 6164.
2, 23, 67
List the prime factors of 65552.
2, 17, 241
What are the prime factors of 18410?
2, 5, 7, 263
List the prime factors of 825.
3, 5, 11
What are the prime factors of 2767?
2767
What are the prime factors of 1492?
2, 373
List the prime factors of 32757.
3, 61, 179
What are the prime factors of 6824?
2, 853
What are the prime factors of 824?
2, 103
What are the prime factors of 4041?
3, 449
List the prime factors of 68452.
2, 109, 157
List the prime factors of 856.
2, 107
List the prime factors of 21784.
2, 7, 389
What are the prime factors of 11333?
7, 1619
What are the prime factors of 112327?
112327
List the prime factors of 447.
3, 149
List the prime factors of 11319.
3, 7, 11
List the prime factors of 10851.
3, 3617
List the prime factors of 128258.
2, 13, 4933
What are the prime factors of 30862?
2, 13, 1187
List the prime factors of 54276.
2, 3, 4523
What are the prime factors of 42082?
2, 53, 397
List the prime factors of 198.
2, 3, 11
List the prime factors of 12322.
2, 61, 101
List the prime factors of 2374.
2, 1187
What are the prime factors of 4155?
3, 5, 277
List the prime factors of 82162.
2, 41081
List the prime factors of 14139.
3, 1571
List the prime factors of 25181.
13, 149
List the prime factors of 4275.
3, 5, 19
List the prime factors of 30376.
2, 3797
What are the prime factors of 4959?
3, 19, 29
List the prime factors of 9076.
2, 2269
What are the prime factors of 10307?
11, 937
What are the prime factors of 2341?
2341
What are the prime factors of 58271?
58271
What are the prime factors of 14092?
2, 13, 271
What are the prime factors of 1983?
3, 661
What are the prime fa